{"id":442,"date":"2022-03-02T21:53:26","date_gmt":"2022-03-02T21:53:26","guid":{"rendered":"https:\/\/www.abitato.de\/?page_id=442"},"modified":"2024-02-08T13:46:36","modified_gmt":"2024-02-08T13:46:36","slug":"wir-freuen-uns-ueber-ihr-interesse-an-der-integrierten-versorgung-seelische-gesundheit-analog-besondere-versorgung-%c2%a7-140a-sgb-v","status":"publish","type":"page","link":"https:\/\/www.abitato.de\/","title":{"rendered":"Die Abitato hat zum 31.12.2023 die Gesch\u00e4ftst\u00e4tigkeit beendet. Bei fachlichen Fragen wenden Sie sich bitte an Ihren Hausarzt. Sollten Sie Fragen zu organisatorischen Angelegenheiten haben, melden Sie sich bitte unter der Rufnummer 0451\/14008-48."},"content":{"rendered":"\n<p class=\"has-black-color has-text-color\"><strong>Wir freuen uns \u00fcber Ihr Interesse an der Integrierten Versorgung seelische Gesundheit (analog Besondere Versorgung, \u00a7 140a SGB V)<\/strong><\/p>\n\n\n\n<p>Viele Menschen leiden an Depressionen, Angsterkrankungen, Pers\u00f6nlichkeitsst\u00f6rungen oder anderen psychischen und psychosomatischen Erkrankungen. Stress im Beruf, Arbeitslosigkeit, Probleme in der Partnerschaft, die Trennung vom Partner oder der Tod eines Angeh\u00f6rigen \u2013 das alles kann dazu f\u00fchren, dass Menschen in eine Krise geraten.<\/p>\n\n\n\n<div style=\"height:40px\" aria-hidden=\"true\" class=\"wp-block-spacer\"><\/div>\n\n\n\n<p style=\"font-size:18px\"><strong>Psychische Ursachen fr\u00fcher erkennen und behandeln<\/strong><br>Oft werden Patienten nur wegen k\u00f6rperlicher Beschwerden behandelt \u2013 die eigentlichen psychischen Ursachen werden dagegen \u00fcbersehen. Bei der Behandlung psychischer Erkrankungen stehen h\u00e4ufig Arzneimittel im Vordergrund, weitere abgestimmte und unterst\u00fctzende Hilfen fehlen. Die Behandlung ist teilweise nicht ausreichend oder nicht gut koordiniert: Das kann zu R\u00fcckf\u00e4llen, zu wiederholten Aufenthalten im Krankenhaus oder zu chronischen Folgekrankheiten f\u00fchren.<\/p>\n\n\n\n<div style=\"height:40px\" aria-hidden=\"true\" class=\"wp-block-spacer\"><\/div>\n\n\n\n<p style=\"font-size:18px\"><strong>Integrierte Versorgung seelische Gesundheit<\/strong>&nbsp;(<strong>analog Besondere Versorgung, \u00a7 140a SGB V<\/strong>)<br>Um psychisch erkrankte Menschen besser zu versorgen gehen die Abitato Managementgesellschaft und die mit ihr kooperierenden Krankenkassen deshalb neue Wege. Sie bieten mit der Integrierten Versorgung seelische Gesundheit umfangreiche und aufeinander abgestimmte individuell ausgerichtete Hilfen an.<\/p>\n\n\n\n<p>Mit einer ambulanten Behandlung in diesem umfassenden Versorgungsnetzwerk k\u00f6nnen Sie eine Krise wirksam \u00fcberwinden oder ganz vermeiden. Ein Klinikaufenthalt kann damit oftmals vermieden werden.<\/p>\n\n\n\n<div style=\"height:40px\" aria-hidden=\"true\" class=\"wp-block-spacer\"><\/div>\n\n\n\n<p style=\"font-size:18px\"><strong>Weitere Informationen<\/strong><br>Abitato Managementgesellschaft seelische Gesundheit gGmbH<br>Muhliusstra\u00dfe 94<br>24103 Kiel<\/p>\n\n\n\n<p>Tel. (04 31) 98 26 18-0 (Mo. \u2013 Fr. 10:00 \u2013 12:00 Uhr)<br>office@abitato.de<\/p>\n\n\n\n<div style=\"height:60px\" aria-hidden=\"true\" class=\"wp-block-spacer\"><\/div>\n\n\n\n<h1 class=\"has-medium-font-size\">Abitato Managementgesellschaft seelische Gesundheit<\/h1>\n\n\n\n<p>Die Abitato setzt ihr \u2013 Netzwerk seelische Gesundheit \u2013 seit 2010 in Schleswig Holstein und seit 2011\/2012 auch in Hamburg und im Landkreis Harburg&nbsp;<br>(Niedersachsen) fl\u00e4chendeckend um. \u00dcber 7.000 Menschen haben seitdem diese ambulante Behandlung f\u00fcr Menschen mit einer psychischen Erkrankung<br>in Anspruch genommen. Grundlage dieses Angebotes sind Selektivvertr\u00e4ge mit Krankenkassen, i.d.R. nach \u00a7 140 a SGB V (Besondere Versorgung).<br><br>Beteiligte Gesellschafter sind Br\u00fccke Schleswig-Holstein gGmbH, DIE BR\u00dcCKE L\u00fcbeck gGmbH, die HiPsy gGmbH, KIELER FENSTER, Nussknacker e. V., Stiftung Freundeskreis Ochsenzoll, Der Hafen e.V. und Tr\u00e4gerverbund psychische Gesundheit GmbH \u2013 etablierte Tr\u00e4ger in Schleswig-Holstein, Hamburg und Landkreis Harburg mit langj\u00e4hriger Erfahrung in ambulanter sozialpsychiatrischer Behandlung und Begleitung.&nbsp;<br><br>Leitgedanke ist, Menschen bei seelischen Erkrankungen eine Versorgung in der Gemeinde zu erm\u00f6glichen sowie bei der Unterst\u00fctzung das famili\u00e4re und das soziale Umfeld einzubeziehen. Diese Ausrichtung der Versorgung hat ihre Entsprechung im Wort \u201eAbitato\u201c, aus dem Italienischen bedeutet es \u00fcbersetzt: Ortschaft, Siedlung.<\/p>\n","protected":false},"excerpt":{"rendered":"<p>Wir freuen uns \u00fcber Ihr Interesse an der Integrierten Versorgung seelische Gesundheit (analog Besondere Versorgung, \u00a7 140a SGB V) Viele Menschen leiden an Depressionen, Angsterkrankungen, Pers\u00f6nlichkeitsst\u00f6rungen oder anderen psychischen und psychosomatischen Erkrankungen. Stress im Beruf, Arbeitslosigkeit, Probleme in der Partnerschaft, die Trennung vom Partner oder der Tod eines Angeh\u00f6rigen \u2013 das alles kann dazu f\u00fchren, [&hellip;]<\/p>\n","protected":false},"author":1,"featured_media":0,"parent":0,"menu_order":0,"comment_status":"closed","ping_status":"closed","template":"page-templates\/page_fullwidth.php","meta":[],"_links":{"self":[{"href":"https:\/\/www.abitato.de\/index.php?rest_route=\/wp\/v2\/pages\/442"}],"collection":[{"href":"https:\/\/www.abitato.de\/index.php?rest_route=\/wp\/v2\/pages"}],"about":[{"href":"https:\/\/www.abitato.de\/index.php?rest_route=\/wp\/v2\/types\/page"}],"author":[{"embeddable":true,"href":"https:\/\/www.abitato.de\/index.php?rest_route=\/wp\/v2\/users\/1"}],"replies":[{"embeddable":true,"href":"https:\/\/www.abitato.de\/index.php?rest_route=%2Fwp%2Fv2%2Fcomments&post=442"}],"version-history":[{"count":10,"href":"https:\/\/www.abitato.de\/index.php?rest_route=\/wp\/v2\/pages\/442\/revisions"}],"predecessor-version":[{"id":602,"href":"https:\/\/www.abitato.de\/index.php?rest_route=\/wp\/v2\/pages\/442\/revisions\/602"}],"wp:attachment":[{"href":"https:\/\/www.abitato.de\/index.php?rest_route=%2Fwp%2Fv2%2Fmedia&parent=442"}],"curies":[{"name":"wp","href":"https:\/\/api.w.org\/{rel}","templated":true}]}}

Die Abitato hat zum 31.12.2023 die Geschäftstätigkeit beendet. Bei fachlichen Fragen wenden Sie sich bitte an Ihren Hausarzt. Sollten Sie Fragen zu organisatorischen Angelegenheiten haben, melden Sie sich bitte unter der Rufnummer 0451/14008-48.

<p class="has-black-color has-text-color"><strong>Wir freuen uns über Ihr Interesse an der Integrierten Versorgung seelische Gesundheit (analog Besondere Versorgung, § 140a SGB V)</strong></p>



<p>Viele Menschen leiden an Depressionen, Angsterkrankungen, Persönlichkeitsstörungen oder anderen psychischen und psychosomatischen Erkrankungen. Stress im Beruf, Arbeitslosigkeit, Probleme in der Partnerschaft, die Trennung vom Partner oder der Tod eines Angehörigen – das alles kann dazu führen, dass Menschen in eine Krise geraten.</p>



<div style="height:40px" aria-hidden="true" class="wp-block-spacer"></div>



<p style="font-size:18px"><strong>Psychische Ursachen früher erkennen und behandeln</strong><br>Oft werden Patienten nur wegen körperlicher Beschwerden behandelt – die eigentlichen psychischen Ursachen werden dagegen übersehen. Bei der Behandlung psychischer Erkrankungen stehen häufig Arzneimittel im Vordergrund, weitere abgestimmte und unterstützende Hilfen fehlen. Die Behandlung ist teilweise nicht ausreichend oder nicht gut koordiniert: Das kann zu Rückfällen, zu wiederholten Aufenthalten im Krankenhaus oder zu chronischen Folgekrankheiten führen.</p>



<div style="height:40px" aria-hidden="true" class="wp-block-spacer"></div>



<p style="font-size:18px"><strong>Integrierte Versorgung seelische Gesundheit</strong>&nbsp;(<strong>analog Besondere Versorgung, § 140a SGB V</strong>)<br>Um psychisch erkrankte Menschen besser zu versorgen gehen die Abitato Managementgesellschaft und die mit ihr kooperierenden Krankenkassen deshalb neue Wege. Sie bieten mit der Integrierten Versorgung seelische Gesundheit umfangreiche und aufeinander abgestimmte individuell ausgerichtete Hilfen an.</p>



<p>Mit einer ambulanten Behandlung in diesem umfassenden Versorgungsnetzwerk können Sie eine Krise wirksam überwinden oder ganz vermeiden. Ein Klinikaufenthalt kann damit oftmals vermieden werden.</p>



<div style="height:40px" aria-hidden="true" class="wp-block-spacer"></div>



<p style="font-size:18px"><strong>Weitere Informationen</strong><br>Abitato Managementgesellschaft seelische Gesundheit gGmbH<br>Muhliusstraße 94<br>24103 Kiel</p>



<p>Tel. (04 31) 98 26 18-0 (Mo. – Fr. 10:00 – 12:00 Uhr)<br>office@abitato.de</p>



<div style="height:60px" aria-hidden="true" class="wp-block-spacer"></div>



<h1 class="has-medium-font-size">Abitato Managementgesellschaft seelische Gesundheit</h1>



<p>Die Abitato setzt ihr – Netzwerk seelische Gesundheit – seit 2010 in Schleswig Holstein und seit 2011/2012 auch in Hamburg und im Landkreis Harburg&nbsp;<br>(Niedersachsen) flächendeckend um. Über 7.000 Menschen haben seitdem diese ambulante Behandlung für Menschen mit einer psychischen Erkrankung<br>in Anspruch genommen. Grundlage dieses Angebotes sind Selektivverträge mit Krankenkassen, i.d.R. nach § 140 a SGB V (Besondere Versorgung).<br><br>Beteiligte Gesellschafter sind Brücke Schleswig-Holstein gGmbH, DIE BRÜCKE Lübeck gGmbH, die HiPsy gGmbH, KIELER FENSTER, Nussknacker e. V., Stiftung Freundeskreis Ochsenzoll, Der Hafen e.V. und Trägerverbund psychische Gesundheit GmbH – etablierte Träger in Schleswig-Holstein, Hamburg und Landkreis Harburg mit langjähriger Erfahrung in ambulanter sozialpsychiatrischer Behandlung und Begleitung.&nbsp;<br><br>Leitgedanke ist, Menschen bei seelischen Erkrankungen eine Versorgung in der Gemeinde zu ermöglichen sowie bei der Unterstützung das familiäre und das soziale Umfeld einzubeziehen. Diese Ausrichtung der Versorgung hat ihre Entsprechung im Wort „Abitato“, aus dem Italienischen bedeutet es übersetzt: Ortschaft, Siedlung.</p>

<p>Wir freuen uns über Ihr Interesse an der Integrierten Versorgung seelische Gesundheit (analog Besondere Versorgung, § 140a SGB V) Viele Menschen leiden an Depressionen, Angsterkrankungen, Persönlichkeitsstörungen oder anderen psychischen und psychosomatischen Erkrankungen. Stress im Beruf, Arbeitslosigkeit, Probleme in der Partnerschaft, die Trennung vom Partner oder der Tod eines Angehörigen – das alles kann dazu führen, [&hellip;]</p>
