{"id":495,"date":"2022-03-02T22:59:59","date_gmt":"2022-03-02T22:59:59","guid":{"rendered":"https:\/\/www.abitato.de\/?page_id=495"},"modified":"2023-02-17T08:38:00","modified_gmt":"2023-02-17T08:38:00","slug":"impressum","status":"publish","type":"page","link":"https:\/\/www.abitato.de\/?page_id=495","title":{"rendered":"Impressum"},"content":{"rendered":"\n<p>Verantwortlich f\u00fcr den Inhalt<br>Abitato Managementgesellschaft seelische Gesundheit gGmbH<br>Gesch\u00e4ftsstelle<br>Muhliusstra\u00dfe 94<br>24103 Kiel<br>Tel. (04 31) 98 26 18-0 (Mo. \u2013 Fr. 10:00 \u2013 12:00 Uhr)<br>office@abitato.de<\/p>\n\n\n\n<div style=\"height:30px\" aria-hidden=\"true\" class=\"wp-block-spacer\"><\/div>\n\n\n\n<p>Handelsregisternummer<br>Amtsgericht Kiel, HRB 11537 KI<\/p>\n\n\n\n<p>Umsatzsteueridentifikationsnummer (UstID)<br>DE 19-296-71650<\/p>\n\n\n\n<p>Gesch\u00e4ftsf\u00fchrer<\/p>\n\n\n\n<p>Frank N\u00fcsse<br><\/p>\n\n\n\n<div style=\"height:30px\" aria-hidden=\"true\" class=\"wp-block-spacer\"><\/div>\n\n\n\n<p>Gestaltung<br>Christina Meier I Mediendesign<br>Lerchenstra\u00dfe 21<br>24103 Kiel<\/p>\n\n\n\n<div style=\"height:30px\" aria-hidden=\"true\" class=\"wp-block-spacer\"><\/div>\n\n\n\n<p>Datenschutz<br>Silke Dammann<br>mc-Technik Dienstleistungs- und Consulting GmbH<br>Marienthaler Stra\u00dfe 24<br>24340 Eckernf\u00f6rde<br>Tel. (0 43 51) 73 21-0 Fax (0 43 51) 73 21 999<br>datenschutz@mc-technik.de<\/p>\n","protected":false},"excerpt":{"rendered":"<p>Verantwortlich f\u00fcr den InhaltAbitato Managementgesellschaft seelische Gesundheit gGmbHGesch\u00e4ftsstelleMuhliusstra\u00dfe 9424103 KielTel. (04 31) 98 26 18-0 (Mo. \u2013 Fr. 10:00 \u2013 12:00 Uhr)office@abitato.de HandelsregisternummerAmtsgericht Kiel, HRB 11537 KI Umsatzsteueridentifikationsnummer (UstID)DE 19-296-71650 Gesch\u00e4ftsf\u00fchrer Frank N\u00fcsse GestaltungChristina Meier I MediendesignLerchenstra\u00dfe 2124103 Kiel DatenschutzSilke Dammannmc-Technik Dienstleistungs- und Consulting GmbHMarienthaler Stra\u00dfe 2424340 Eckernf\u00f6rdeTel. (0 43 51) 73 21-0 Fax (0 [&hellip;]<\/p>\n","protected":false},"author":1,"featured_media":0,"parent":0,"menu_order":0,"comment_status":"closed","ping_status":"closed","template":"page-templates\/page_fullwidth.php","meta":[],"_links":{"self":[{"href":"https:\/\/www.abitato.de\/index.php?rest_route=\/wp\/v2\/pages\/495"}],"collection":[{"href":"https:\/\/www.abitato.de\/index.php?rest_route=\/wp\/v2\/pages"}],"about":[{"href":"https:\/\/www.abitato.de\/index.php?rest_route=\/wp\/v2\/types\/page"}],"author":[{"embeddable":true,"href":"https:\/\/www.abitato.de\/index.php?rest_route=\/wp\/v2\/users\/1"}],"replies":[{"embeddable":true,"href":"https:\/\/www.abitato.de\/index.php?rest_route=%2Fwp%2Fv2%2Fcomments&post=495"}],"version-history":[{"count":5,"href":"https:\/\/www.abitato.de\/index.php?rest_route=\/wp\/v2\/pages\/495\/revisions"}],"predecessor-version":[{"id":598,"href":"https:\/\/www.abitato.de\/index.php?rest_route=\/wp\/v2\/pages\/495\/revisions\/598"}],"wp:attachment":[{"href":"https:\/\/www.abitato.de\/index.php?rest_route=%2Fwp%2Fv2%2Fmedia&parent=495"}],"curies":[{"name":"wp","href":"https:\/\/api.w.org\/{rel}","templated":true}]}}